{"id":761,"date":"2019-07-26T13:07:53","date_gmt":"2019-07-26T13:07:53","guid":{"rendered":"http:\/\/przychodnia.sobotka.pl\/?page_id=761"},"modified":"2026-01-13T10:22:29","modified_gmt":"2026-01-13T10:22:29","slug":"podstawowa-opieka-zdrowotna","status":"publish","type":"page","link":"http:\/\/przychodnia.sobotka.pl\/?page_id=761","title":{"rendered":"Podstawowa Opieka Zdrowotna"},"content":{"rendered":"<div id=\"dslc-theme-content\"><div id=\"dslc-theme-content-inner\"><p><\/p>\r\n<table style=\"width: 238.045%;\">\r\n<tbody>\r\n<tr>\r\n<td style=\"width: 100%; text-align: left;\"><span style=\"color: #000000;\"><strong>Podstawowa opieka medyczna<br><\/strong>Bezp\u0142atne \u015bwiadczenia udzielane s\u0105 osobom posiadaj\u0105cym aktualne&nbsp;ubezpieczenie zdrowotne.<\/span><\/td>\r\n<\/tr>\r\n<\/tbody>\r\n<\/table>\r\n<p><span style=\"color: #000000;\">W ramach podstawowej opieki zdrowotnej realizujemy \u015bwiadczenia zdrowotne w poradniach :&nbsp;<\/span><br><span style=\"color: #000000;\">Poradnia lekarza podstawowej opieki zdrowotnej<\/span><br><span style=\"color: #000000;\">Poradnia piel\u0119gniarki podstawowej opieki zdrowotnej<\/span><br><span style=\"color: #000000;\">Poradnia po\u0142o\u017cnej podstawowej opieki zdrowotnej<br>Opieka Koordynowana <a href=\"http:\/\/przychodnia.sobotka.pl\/?page_id=1571\">wi\u0119cej informacji<\/a><\/span><\/p>\r\n<table style=\"height: 759px; width: 100%; border-color: #ffffff; background-color: #ffffff;\" cellspacing=\"5\" cellpadding=\"5\" align=\"center\">\r\n<tbody>\r\n<tr style=\"height: 28px;\">\r\n<td style=\"height: 28px; background-color: #ffffff; text-align: left;\" colspan=\"2\" bgcolor=\"#b6d7de\"><span style=\"font-size: medium;\"><strong>Poradnia lekarza podstawowej opieki zdrowotnej personel:<\/strong><\/span><\/td>\r\n<\/tr>\r\n<tr style=\"height: 56px;\">\r\n<td style=\"height: 56px; background-color: #ffffff; text-align: left;\" valign=\"top\" bgcolor=\"#edf5f7\">\r\n<div><span style=\"font-size: medium;\"><span style=\"font-size: small;\">Medycyna Rodzinna<\/span><\/span><\/div>\r\n<div>\r\n<div><span style=\"font-size: medium;\"><span style=\"font-size: small;\">dr n. med.&nbsp;Ma\u0142gorzata Kajderowicz-Kowalik&nbsp;<\/span><\/span><\/div>\r\n<\/div>\r\n<\/td>\r\n<td style=\"height: 56px; background-color: #ffffff; text-align: left;\" valign=\"top\" nowrap=\"nowrap\" bgcolor=\"#edf5f7\">\r\n<div>\r\n<div><span style=\"font-size: medium;\"><span style=\"font-size: small;\">Podstawowa Opieka Zdrowotna<\/span><\/span><\/div>\r\n<div>\r\n<div><span style=\"font-size: medium;\"><span style=\"font-size: small;\">dr n. med. Alfred Bili\u0144ski<\/span><\/span><\/div>\r\n<\/div>\r\n<\/div>\r\n<\/td>\r\n<\/tr>\r\n<tr style=\"height: 56px;\">\r\n<td style=\"height: 56px; background-color: #ffffff; text-align: left;\" valign=\"top\" bgcolor=\"#edf5f7\">\r\n<div><span style=\"font-size: medium;\"><span style=\"font-size: small;\">Medycyna Rodzinna<\/span>&nbsp;<\/span><\/div>\r\n<div>\r\n<div>\r\n<div><span style=\"font-size: medium;\"><span style=\"font-size: small;\">lek. med. Mariusz Konopka<\/span><\/span><\/div>\r\n<\/div>\r\n<\/div>\r\n<\/td>\r\n<td style=\"height: 56px; background-color: #ffffff; text-align: left;\" valign=\"top\" bgcolor=\"#edf5f7\">\r\n<div><span style=\"font-size: medium;\"><span style=\"font-size: small;\">Podstawowa Opieka Zdrowotna&nbsp;<\/span>&nbsp;<\/span><\/div>\r\n<div>\r\n<div><span style=\"font-size: medium;\"><span style=\"font-size: small;\">lek. med. Apolonia Kasprzyk-Czepielinda<\/span><\/span><\/div>\r\n<\/div>\r\n<\/td>\r\n<\/tr>\r\n<tr style=\"height: 56px;\">\r\n<td style=\"height: 56px; background-color: #ffffff; text-align: left;\" valign=\"top\" bgcolor=\"#edf5f7\">\r\n<div>\r\n<div><span style=\"font-size: medium;\"><span style=\"font-size: small;\">Podstawowa Opieka Zdrowotna, Choroby wewn\u0119trzne <\/span><span style=\"font-size: small;\">&nbsp;&nbsp;&nbsp;<\/span>&nbsp;<\/span><\/div>\r\n<div><span style=\"font-size: medium;\"><span style=\"font-size: small;\">lek. med. Beata Raczy\u0144ska<\/span><\/span><\/div>\r\n<\/div>\r\n<\/td>\r\n<td style=\"height: 56px; background-color: #ffffff; text-align: left;\" bgcolor=\"#edf5f7\">\r\n<div><span style=\"font-size: small;\">Podstawowa Opieka Zdrowotna<\/span><\/div>\r\n<div><span style=\"font-size: medium;\"><span style=\"font-size: small;\">lek. med. Olga Czesnowska<\/span><\/span><\/div>\r\n<\/td>\r\n<\/tr>\r\n<tr style=\"height: 56px;\">\r\n<td style=\"height: 56px; background-color: #ffffff; text-align: left;\" valign=\"top\" bgcolor=\"#edf5f7\">\r\n<div>\r\n<div><span style=\"font-size: 10pt;\">Pediatra<\/span><\/div>\r\n<div>\r\n<div><span style=\"font-size: 10pt;\">dr n. med.&nbsp;Ma\u0142gorzata Kajderowicz-Kowalik<\/span><\/div>\r\n<\/div>\r\n<\/div>\r\n<\/td>\r\n<td style=\"height: 56px; background-color: #ffffff; text-align: left;\" bgcolor=\"#edf5f7\">\r\n<div>\r\n<div><span style=\"font-size: 10pt;\">Podstawowa Opieka Zdrowotna<\/span><br><span style=\"font-size: 10pt;\">lek. med. Kacper Le<\/span><\/div>\r\n<\/div>\r\n<\/td>\r\n<\/tr>\r\n<tr style=\"height: 28px;\">\r\n<td style=\"height: 28px; background-color: #ffffff; text-align: left;\" colspan=\"2\" valign=\"top\" nowrap=\"nowrap\" bgcolor=\"#b6d7de\"><span style=\"font-size: medium;\"><strong>Poradnia piel\u0119gniarki podstawowej opieki zdrowotne personel:<\/strong><\/span><\/td>\r\n<\/tr>\r\n<tr style=\"height: 84px;\">\r\n<td style=\"height: 84px; background-color: #ffffff; text-align: left;\" valign=\"top\" bgcolor=\"#edf5f7\">\r\n<div><span style=\"font-size: medium;\"><span style=\"font-size: small;\">mgr Izabela Konopka<br>specjalista piel\u0119gniarstwa rodzinnego<\/span><\/span><\/div>\r\n<div><span style=\"font-size: medium;\"><span style=\"font-size: small;\">piel\u0119gniarka punktu szczepie\u0144&nbsp;&nbsp;&nbsp;<\/span><\/span><\/div>\r\n<\/td>\r\n<td style=\"height: 84px; background-color: #ffffff; text-align: left;\" bgcolor=\"#edf5f7\">\r\n<div><span style=\"font-size: medium;\"><span style=\"font-size: small;\"> El\u017cbieta Dawiec<br>piel\u0119gniarka \u015brodowiskowo-rodzinna<br>piel\u0119gniarka punktu szczepie\u0144&nbsp; &nbsp; &nbsp; &nbsp; &nbsp; &nbsp; &nbsp; &nbsp; &nbsp; &nbsp; &nbsp;<\/span><\/span><\/div>\r\n<\/td>\r\n<\/tr>\r\n<tr style=\"height: 84px;\">\r\n<td style=\"height: 84px; background-color: #ffffff; text-align: left;\" valign=\"top\" bgcolor=\"#edf5f7\"><span style=\"font-size: 10pt;\">Marzena Nico\u015b<br>specjalista piel\u0119gniarstwa rodzinnego<br>Piel\u0119gniarka punktu szczepie\u0144<\/span><\/td>\r\n<td style=\"height: 84px; background-color: #ffffff; text-align: left;\" bgcolor=\"#edf5f7\"><span style=\"font-size: medium;\"><span style=\"font-size: small;\">Iga Szymaniec<br>piel\u0119gniarka&nbsp;<\/span><\/span><\/td>\r\n<\/tr>\r\n<tr style=\"height: 28px;\">\r\n<td style=\"height: 28px;\" colspan=\"2\">\r\n<div style=\"text-align: left;\"><span style=\"font-size: 10pt;\"><strong><span style=\"font-size: medium;\">Poradnia po\u0142o\u017cnej podstawowej opieki zdrowotne personel:<\/span><\/strong><\/span><\/div>\r\n<\/td>\r\n<\/tr>\r\n<tr style=\"height: 64px;\">\r\n<td style=\"height: 64px; text-align: left;\">\r\n<div><span style=\"font-size: 10pt;\">mgr&nbsp;Magdalena Rychlik<br>po\u0142o\u017cna \u015brodowiskowo-rodzinna<\/span>&nbsp;<\/div>\r\n<\/td>\r\n<td style=\"height: 64px; text-align: left;\"><span style=\"font-size: 10pt;\">&nbsp;mgr Jolanta Kaczak<br>po\u0142o\u017cna \u015brodowiskowo-rodzinna<\/span><\/td>\r\n<\/tr>\r\n<\/tbody>\r\n<\/table>\r\n<p><span style=\"color: #000000;\">Lokalizacja plac\u00f3wek podstawowej opieki zdrowotnej NZOZ Przychodnia Rodzinna Kajderowicz i Bili\u0144ski Ma\u0142gorzata Kajderowicz-Kowalik:<\/span><\/p>\r\n<p><span style=\"color: #000000;\">Sob\u00f3tka ul. KR\u00d3TKA 2\/B tel.: 71 390 42 00&nbsp; tel.&nbsp; 880 174 914<br><\/span><\/p>\r\n<p><iframe loading=\"lazy\" style=\"border: 0;\" src=\"https:\/\/www.google.com\/maps\/embed?pb=!1m18!1m12!1m3!1d629.0707287617596!2d16.743426629227592!3d50.89998104452399!2m3!1f0!2f0!3f0!3m2!1i1024!2i768!4f13.1!3m3!1m2!1s0x470fc9fefce317f7%3A0xbc6e097780c5f1e1!2sRodzinna.+Przychodnia+NZOZ!5e0!3m2!1spl!2spl!4v1508007954244\" width=\"735\" height=\"200\" frameborder=\"0\" allowfullscreen=\"allowfullscreen\" data-mce-fragment=\"1\"><\/iframe><\/p>\r\n<p><span style=\"color: #000000;\">Jordan\u00f3w \u015al. ul. Pocztowa 4&nbsp; &nbsp;tel. 71 316 16 60 kom. 601519607<\/span><\/p>\r\n<p><iframe loading=\"lazy\" style=\"border: 0;\" src=\"https:\/\/www.google.com\/maps\/embed?pb=!1m18!1m12!1m3!1d2518.2384233707844!2d16.866074115566185!3d50.863785665376795!2m3!1f0!2f0!3f0!3m2!1i1024!2i768!4f13.1!3m3!1m2!1s0x471675e821bf7f3d%3A0x7dd977d33d64dadd!2sKajderowicz%2C+Bili%C5%84ski.+Przychodnia+rodzinna!5e0!3m2!1spl!2spl!4v1508008657466\" width=\"735\" height=\"200\" frameborder=\"0\" allowfullscreen=\"allowfullscreen\" data-mce-fragment=\"1\"><\/iframe><\/p>\r\n<div>\r\n<div>\r\n<div><a href=\"http:\/\/przychodnia.sobotka.pl\/?page_id=216\"><span style=\"font-size: 14pt;\"><strong>Zam\u00f3w recept\u0119 na leki&nbsp;<\/strong><\/span><\/a><\/div>\r\n<\/div>\r\n<div>\r\n<p>&nbsp;<\/p>\r\n<p><strong>Deklaracje wyboru <a href=\"http:\/\/przychodnia.sobotka.pl\/?page_id=1694\">wi\u0119cej informacji&nbsp;<\/a>&nbsp;<\/strong><\/p>\r\n<\/div>\r\n<div>\r\n<ul>\r\n<li><a href=\"https:\/\/gsl.nfz.gov.pl\/GSL\/GSL\/PomocNocna\">NOCNA I \u015aWI\u0104TECZNA OPIEKA MEDYCZNA<\/a><\/li>\r\n<\/ul>\r\n<\/div>\r\n<\/div>\r\n<div>\r\n<div>\r\n<div>&nbsp;<\/div>\r\n<\/div>\r\n<\/div>\r\n<\/div><\/div>","protected":false},"excerpt":{"rendered":"<p>Podstawowa opieka medycznaBezp\u0142atne \u015bwiadczenia udzielane s\u0105 osobom posiadaj\u0105cym aktualne&nbsp;ubezpieczenie zdrowotne. W ramach podstawowej opieki zdrowotnej realizujemy \u015bwiadczenia zdrowotne w poradniach :&nbsp;Poradnia lekarza podstawowej opieki zdrowotnejPoradnia piel\u0119gniarki podstawowej opieki zdrowotnejPoradnia po\u0142o\u017cnej podstawowej opieki zdrowotnejOpieka Koordynowana wi\u0119cej informacji Poradnia lekarza podstawowej opieki zdrowotnej personel: Medycyna Rodzinna dr n. med.&nbsp;Ma\u0142gorzata Kajderowicz-Kowalik&nbsp; Podstawowa Opieka Zdrowotna dr n. med. Alfred<\/p>\n","protected":false},"author":1,"featured_media":0,"parent":0,"menu_order":0,"comment_status":"closed","ping_status":"closed","template":"","meta":{"ngg_post_thumbnail":0,"footnotes":""},"class_list":["post-761","page","type-page","status-publish","hentry"],"_links":{"self":[{"href":"http:\/\/przychodnia.sobotka.pl\/index.php?rest_route=\/wp\/v2\/pages\/761","targetHints":{"allow":["GET"]}}],"collection":[{"href":"http:\/\/przychodnia.sobotka.pl\/index.php?rest_route=\/wp\/v2\/pages"}],"about":[{"href":"http:\/\/przychodnia.sobotka.pl\/index.php?rest_route=\/wp\/v2\/types\/page"}],"author":[{"embeddable":true,"href":"http:\/\/przychodnia.sobotka.pl\/index.php?rest_route=\/wp\/v2\/users\/1"}],"replies":[{"embeddable":true,"href":"http:\/\/przychodnia.sobotka.pl\/index.php?rest_route=%2Fwp%2Fv2%2Fcomments&post=761"}],"version-history":[{"count":69,"href":"http:\/\/przychodnia.sobotka.pl\/index.php?rest_route=\/wp\/v2\/pages\/761\/revisions"}],"predecessor-version":[{"id":2081,"href":"http:\/\/przychodnia.sobotka.pl\/index.php?rest_route=\/wp\/v2\/pages\/761\/revisions\/2081"}],"wp:attachment":[{"href":"http:\/\/przychodnia.sobotka.pl\/index.php?rest_route=%2Fwp%2Fv2%2Fmedia&parent=761"}],"curies":[{"name":"wp","href":"https:\/\/api.w.org\/{rel}","templated":true}]}}