{"id":263,"date":"2018-07-26T13:06:47","date_gmt":"2018-07-26T13:06:47","guid":{"rendered":"http:\/\/przychodnia.sobotka.pl\/?page_id=263"},"modified":"2022-01-31T10:58:53","modified_gmt":"2022-01-31T10:58:53","slug":"poz-plus","status":"publish","type":"page","link":"http:\/\/przychodnia.sobotka.pl\/?page_id=263","title":{"rendered":"POZ PLUS"},"content":{"rendered":"<div id=\"dslc-theme-content\"><div id=\"dslc-theme-content-inner\"><p><a href=\"http:\/\/przychodnia.sobotka.pl\/wp-content\/uploads\/2018\/08\/loga_PO-WER.png\"><img loading=\"lazy\" decoding=\"async\" class=\"alignnone wp-image-297\" src=\"http:\/\/przychodnia.sobotka.pl\/wp-content\/uploads\/2018\/08\/loga_PO-WER-1024x148.png\" alt=\"\" width=\"1200\" height=\"174\" srcset=\"http:\/\/przychodnia.sobotka.pl\/wp-content\/uploads\/2018\/08\/loga_PO-WER-1024x148.png 1024w, http:\/\/przychodnia.sobotka.pl\/wp-content\/uploads\/2018\/08\/loga_PO-WER-300x44.png 300w, http:\/\/przychodnia.sobotka.pl\/wp-content\/uploads\/2018\/08\/loga_PO-WER-768x111.png 768w, http:\/\/przychodnia.sobotka.pl\/wp-content\/uploads\/2018\/08\/loga_PO-WER.png 1800w\" sizes=\"auto, (max-width: 1200px) 100vw, 1200px\" \/><\/a><\/p>\n<p style=\"text-align: left;\"><strong>NZOZ PRZYCHODNIA RODZINNA KAJDEROWICZ I BILI\u0143SKI MA\u0141GORZATA KAJDEROWICZ-KOWALIK&nbsp;<\/strong><br \/>\nRealizowa\u0142a&nbsp; projekt dofinansowany z Funduszy Europejskich pn. \u201ePrzygotowanie, przetestowanie i wdro\u017cenie do systemu opieki zdrowotnej organizacji opieki koordynowanej (OOK) Etap II Faza pilota\u017cowa \u2013 model POZ PLUS.&nbsp;<br \/>\nNr projektu: POWR.05.02.00-00-0039\/17.&nbsp;<br \/>\n<a href=\"https:\/\/akademia.nfz.gov.pl\/poz-plus\/?lang=en\">Wi\u0119cej informacji o projekcie...<\/a>&nbsp; &nbsp; &nbsp; &nbsp; &nbsp; &nbsp; &nbsp; &nbsp; &nbsp; &nbsp; &nbsp; &nbsp; &nbsp; &nbsp; &nbsp; &nbsp; &nbsp; &nbsp; &nbsp; &nbsp; &nbsp; &nbsp; &nbsp; &nbsp; &nbsp; &nbsp; &nbsp; &nbsp; &nbsp; &nbsp; &nbsp; &nbsp; &nbsp; &nbsp; &nbsp; &nbsp; &nbsp; &nbsp; &nbsp; &nbsp; &nbsp; &nbsp; &nbsp; &nbsp; &nbsp; &nbsp; &nbsp; &nbsp; &nbsp; &nbsp; &nbsp; &nbsp; &nbsp; &nbsp; &nbsp; &nbsp; &nbsp; &nbsp; &nbsp; &nbsp; &nbsp; &nbsp; &nbsp; &nbsp; &nbsp; &nbsp; &nbsp; &nbsp; &nbsp; &nbsp; &nbsp; &nbsp; &nbsp; &nbsp; &nbsp; &nbsp; &nbsp; &nbsp; &nbsp; &nbsp;<\/p>\n<p style=\"text-align: left;\"><strong>Informacje szczeg\u00f3\u0142owe o realizacji projektu<\/strong><br \/>\nOkres realizacji projektu: do 30.09.2021 r.<\/p>\n<p style=\"text-align: left;\"><strong>Cele projektu<\/strong>&nbsp;<br \/>\nCelem projektu jest pilota\u017cowe wdro\u017cenie modelu opieki koordynowanej na poziomie podstawowej opieki zdrowotnej, tzw. modelu POZ PLUS.<br \/>\nCele szczeg\u00f3\u0142owe modelu POZ PLUS to:<br \/>\n- poprawa jako\u015bci us\u0142ug medycznych \u015bwiadczonych na poziomie podstawowej opieki medycznej;<br \/>\n- zwi\u0119kszenie ilo\u015bci \u015bwiadcze\u0144 medycznych \u015bwiadczonych na poziomie podstawowej opieki medycznej;<br \/>\n- poprawa koordynacji us\u0142ug medycznych \u015bwiadczonych na poziomie podstawowej opieki zdrowotnej.<\/p>\n<div class=\"show_more\">\n<div class=\"wpsm-content\">\n<p>Pilota\u017cowe wdro\u017cenie modelu opieki koordynowanej na poziomie POZ ma na celu stopniowe tworzenie systemu ukierunkowanego na pacjenta, w kt\u00f3rym zamiast koncentracji na \u015bwiadczeniu us\u0142ug medycznych,&nbsp; k\u0142adzie si\u0119 wi\u0119kszy nacisk na stosowanie narz\u0119dzi zapobiegawczych.<\/p>\n<\/div>\n<\/div>\n<p style=\"text-align: left;\"><strong>Zakres udzielanych \u015bwiadcze\u0144<\/strong>:<br \/>\n- wykonywanie bilans\u00f3w zdrowia dla doros\u0142ych oraz prowadzenie szeroko zakrojonych dzia\u0142a\u0144 edukacyjnych z zakresu profilaktyki zdrowotnej;<br \/>\n- zarz\u0105dzanie\/koordynowanie opiek\u0105.<\/p>\n<p><strong>Miejsce realizacji<\/strong>:<br \/>\nNZOZ Przychodnia Rodzinna Kajderowicz i Bili\u0144ski Sob\u00f3tka pl. Wolno\u015bci 1&nbsp;<br \/>\nKontakt telefoniczny: <strong>71 390 42 00<br \/>\n<\/strong>e-mail: nzozsobotka@onet.pl<\/p>\n<p><strong>Koordynatorzy projektu:<br \/>\n<\/strong><br \/>\nKoordynatorzy procesu medycznego:<br \/>\n- mgr Joanna Kwiatek<br \/>\n- Kamila Pietryk<br \/>\n- Joanna Nowak<\/p>\n<p>Koordynator informatyczno-medyczny:<br \/>\n- mgr Joanna Kowalska&nbsp;<\/p>\n<p>&nbsp;<\/p>\n<table style=\"width: 71.9262%; border-collapse: collapse; border-color: #ffffff; background-color: #ffffff; height: 277px;\" border=\"0\">\n<tbody>\n<tr>\n<td style=\"width: 20.1339%;\"><a href=\"http:\/\/przychodnia.sobotka.pl\/wp-content\/uploads\/2018\/10\/images-2.jpg\"><img loading=\"lazy\" decoding=\"async\" class=\"alignnone wp-image-362\" src=\"http:\/\/przychodnia.sobotka.pl\/wp-content\/uploads\/2018\/10\/images-2-300x136.jpg\" alt=\"\" width=\"147\" height=\"67\" srcset=\"http:\/\/przychodnia.sobotka.pl\/wp-content\/uploads\/2018\/10\/images-2-300x136.jpg 300w, http:\/\/przychodnia.sobotka.pl\/wp-content\/uploads\/2018\/10\/images-2.jpg 334w\" sizes=\"auto, (max-width: 147px) 100vw, 147px\" \/><\/a><\/td>\n<td style=\"width: 20.5129%;\" colspan=\"2\"><a href=\"http:\/\/przychodnia.sobotka.pl\/wp-content\/uploads\/2018\/10\/UE-oznaczenia-www-1.png\"><img loading=\"lazy\" decoding=\"async\" class=\"alignnone wp-image-316\" src=\"http:\/\/przychodnia.sobotka.pl\/wp-content\/uploads\/2018\/10\/UE-oznaczenia-www-1-300x58.png\" alt=\"\" width=\"404\" height=\"78\" srcset=\"http:\/\/przychodnia.sobotka.pl\/wp-content\/uploads\/2018\/10\/UE-oznaczenia-www-1-300x58.png 300w, http:\/\/przychodnia.sobotka.pl\/wp-content\/uploads\/2018\/10\/UE-oznaczenia-www-1-768x150.png 768w, http:\/\/przychodnia.sobotka.pl\/wp-content\/uploads\/2018\/10\/UE-oznaczenia-www-1-1024x200.png 1024w\" sizes=\"auto, (max-width: 404px) 100vw, 404px\" \/><\/a><\/td>\n<\/tr>\n<tr>\n<td style=\"width: 20.1339%;\"><a href=\"http:\/\/przychodnia.sobotka.pl\/wp-content\/uploads\/2018\/10\/NZOZ-Przychodnia-Rodzinna-Kajderowicz-i-Bili\u0144ski-Sob\u00f3tka-POZ-PLUS.jpg\"><img loading=\"lazy\" decoding=\"async\" class=\"alignnone size-medium wp-image-466\" src=\"http:\/\/przychodnia.sobotka.pl\/wp-content\/uploads\/2018\/10\/NZOZ-Przychodnia-Rodzinna-Kajderowicz-i-Bili\u0144ski-Sob\u00f3tka-POZ-PLUS-176x300.jpg\" alt=\"\" width=\"176\" height=\"300\" srcset=\"http:\/\/przychodnia.sobotka.pl\/wp-content\/uploads\/2018\/10\/NZOZ-Przychodnia-Rodzinna-Kajderowicz-i-Bili\u0144ski-Sob\u00f3tka-POZ-PLUS-176x300.jpg 176w, http:\/\/przychodnia.sobotka.pl\/wp-content\/uploads\/2018\/10\/NZOZ-Przychodnia-Rodzinna-Kajderowicz-i-Bili\u0144ski-Sob\u00f3tka-POZ-PLUS-768x1311.jpg 768w, http:\/\/przychodnia.sobotka.pl\/wp-content\/uploads\/2018\/10\/NZOZ-Przychodnia-Rodzinna-Kajderowicz-i-Bili\u0144ski-Sob\u00f3tka-POZ-PLUS-600x1024.jpg 600w, http:\/\/przychodnia.sobotka.pl\/wp-content\/uploads\/2018\/10\/NZOZ-Przychodnia-Rodzinna-Kajderowicz-i-Bili\u0144ski-Sob\u00f3tka-POZ-PLUS.jpg 1576w\" sizes=\"auto, (max-width: 176px) 100vw, 176px\" \/><\/a><\/td>\n<td style=\"width: 20.5129%;\"><a href=\"http:\/\/przychodnia.sobotka.pl\/wp-content\/uploads\/2018\/10\/NZOZ-Przychodnia-Rodzinna-Kajderowicz-i-Bili\u0144ski-Sob\u00f3tka-POZ-PLUS-2.jpg\"><img loading=\"lazy\" decoding=\"async\" class=\"alignnone size-medium wp-image-467\" src=\"http:\/\/przychodnia.sobotka.pl\/wp-content\/uploads\/2018\/10\/NZOZ-Przychodnia-Rodzinna-Kajderowicz-i-Bili\u0144ski-Sob\u00f3tka-POZ-PLUS-2-225x300.jpg\" alt=\"\" width=\"225\" height=\"300\" srcset=\"http:\/\/przychodnia.sobotka.pl\/wp-content\/uploads\/2018\/10\/NZOZ-Przychodnia-Rodzinna-Kajderowicz-i-Bili\u0144ski-Sob\u00f3tka-POZ-PLUS-2-225x300.jpg 225w, http:\/\/przychodnia.sobotka.pl\/wp-content\/uploads\/2018\/10\/NZOZ-Przychodnia-Rodzinna-Kajderowicz-i-Bili\u0144ski-Sob\u00f3tka-POZ-PLUS-2-768x1024.jpg 768w, http:\/\/przychodnia.sobotka.pl\/wp-content\/uploads\/2018\/10\/NZOZ-Przychodnia-Rodzinna-Kajderowicz-i-Bili\u0144ski-Sob\u00f3tka-POZ-PLUS-2.jpg 1200w\" sizes=\"auto, (max-width: 225px) 100vw, 225px\" \/><\/a><\/td>\n<td style=\"width: 25.7577%;\">&nbsp;<\/p>\n<p><a href=\"http:\/\/przychodnia.sobotka.pl\/wp-content\/uploads\/2018\/10\/NZOZ-Przychodnia-Rodzinna-POZ-PLUS-MZ.jpg\"><img loading=\"lazy\" decoding=\"async\" class=\"alignnone size-medium wp-image-468\" src=\"http:\/\/przychodnia.sobotka.pl\/wp-content\/uploads\/2018\/10\/NZOZ-Przychodnia-Rodzinna-POZ-PLUS-MZ-300x169.jpg\" alt=\"\" width=\"300\" height=\"169\" srcset=\"http:\/\/przychodnia.sobotka.pl\/wp-content\/uploads\/2018\/10\/NZOZ-Przychodnia-Rodzinna-POZ-PLUS-MZ-300x169.jpg 300w, http:\/\/przychodnia.sobotka.pl\/wp-content\/uploads\/2018\/10\/NZOZ-Przychodnia-Rodzinna-POZ-PLUS-MZ-768x432.jpg 768w, http:\/\/przychodnia.sobotka.pl\/wp-content\/uploads\/2018\/10\/NZOZ-Przychodnia-Rodzinna-POZ-PLUS-MZ-1024x576.jpg 1024w\" sizes=\"auto, (max-width: 300px) 100vw, 300px\" \/><\/a><\/td>\n<\/tr>\n<\/tbody>\n<\/table>\n<p>&nbsp;<\/p>\n<p>&nbsp; &nbsp; &nbsp; &nbsp; &nbsp; &nbsp; &nbsp; &nbsp; &nbsp; &nbsp; &nbsp; &nbsp; &nbsp; &nbsp; &nbsp; &nbsp; &nbsp; &nbsp; &nbsp; &nbsp; &nbsp; &nbsp; &nbsp; &nbsp; &nbsp; &nbsp; &nbsp; &nbsp; &nbsp; &nbsp; &nbsp; &nbsp; &nbsp; &nbsp; &nbsp; &nbsp; &nbsp; &nbsp; &nbsp; &nbsp; &nbsp; &nbsp; &nbsp; &nbsp; &nbsp; &nbsp; &nbsp; &nbsp; &nbsp; &nbsp; &nbsp; &nbsp; &nbsp; &nbsp; &nbsp; &nbsp; &nbsp; &nbsp; &nbsp; &nbsp; &nbsp; &nbsp; &nbsp; &nbsp; &nbsp; &nbsp; &nbsp; &nbsp; &nbsp; &nbsp; &nbsp; &nbsp; &nbsp; &nbsp; &nbsp; &nbsp; &nbsp; &nbsp; &nbsp; &nbsp; &nbsp; &nbsp; &nbsp; &nbsp; &nbsp; &nbsp; &nbsp; &nbsp; &nbsp; &nbsp; &nbsp; &nbsp; &nbsp; &nbsp; &nbsp; &nbsp; &nbsp; &nbsp; &nbsp; &nbsp; &nbsp; &nbsp; &nbsp; &nbsp; &nbsp; &nbsp; &nbsp; &nbsp; &nbsp; &nbsp; &nbsp; &nbsp; &nbsp; &nbsp; &nbsp;&nbsp;<\/p>\n<\/div><\/div>","protected":false},"excerpt":{"rendered":"<p>NZOZ PRZYCHODNIA RODZINNA KAJDEROWICZ I BILI\u0143SKI MA\u0141GORZATA KAJDEROWICZ-KOWALIK&nbsp; Realizowa\u0142a&nbsp; projekt dofinansowany z Funduszy Europejskich pn. \u201ePrzygotowanie, przetestowanie i wdro\u017cenie do systemu opieki zdrowotnej organizacji opieki koordynowanej (OOK) Etap II Faza pilota\u017cowa \u2013 model POZ PLUS.&nbsp; Nr projektu: POWR.05.02.00-00-0039\/17.&nbsp; Wi\u0119cej informacji o projekcie...&nbsp; &nbsp; &nbsp; &nbsp; &nbsp; &nbsp; &nbsp; &nbsp; &nbsp; &nbsp; &nbsp; &nbsp; &nbsp; &nbsp;<\/p>\n","protected":false},"author":1,"featured_media":0,"parent":15,"menu_order":0,"comment_status":"closed","ping_status":"closed","template":"fullwidth.php","meta":{"ngg_post_thumbnail":0,"footnotes":""},"class_list":["post-263","page","type-page","status-publish","hentry"],"_links":{"self":[{"href":"http:\/\/przychodnia.sobotka.pl\/index.php?rest_route=\/wp\/v2\/pages\/263","targetHints":{"allow":["GET"]}}],"collection":[{"href":"http:\/\/przychodnia.sobotka.pl\/index.php?rest_route=\/wp\/v2\/pages"}],"about":[{"href":"http:\/\/przychodnia.sobotka.pl\/index.php?rest_route=\/wp\/v2\/types\/page"}],"author":[{"embeddable":true,"href":"http:\/\/przychodnia.sobotka.pl\/index.php?rest_route=\/wp\/v2\/users\/1"}],"replies":[{"embeddable":true,"href":"http:\/\/przychodnia.sobotka.pl\/index.php?rest_route=%2Fwp%2Fv2%2Fcomments&post=263"}],"version-history":[{"count":36,"href":"http:\/\/przychodnia.sobotka.pl\/index.php?rest_route=\/wp\/v2\/pages\/263\/revisions"}],"predecessor-version":[{"id":1065,"href":"http:\/\/przychodnia.sobotka.pl\/index.php?rest_route=\/wp\/v2\/pages\/263\/revisions\/1065"}],"up":[{"embeddable":true,"href":"http:\/\/przychodnia.sobotka.pl\/index.php?rest_route=\/wp\/v2\/pages\/15"}],"wp:attachment":[{"href":"http:\/\/przychodnia.sobotka.pl\/index.php?rest_route=%2Fwp%2Fv2%2Fmedia&parent=263"}],"curies":[{"name":"wp","href":"https:\/\/api.w.org\/{rel}","templated":true}]}}