{"id":216,"date":"2018-05-10T11:24:47","date_gmt":"2018-05-10T11:24:47","guid":{"rendered":"http:\/\/przychodnia.sobotka.pl\/?page_id=216"},"modified":"2025-01-31T08:41:04","modified_gmt":"2025-01-31T08:41:04","slug":"zamawianie-recept","status":"publish","type":"page","link":"http:\/\/przychodnia.sobotka.pl\/?page_id=216","title":{"rendered":"Zamawianie recept"},"content":{"rendered":"<div id=\"dslc-theme-content\"><div id=\"dslc-theme-content-inner\"><p><strong><span style=\"font-size: 12pt;\">Kontakty do plac\u00f3wek&nbsp;&nbsp;<\/span><\/strong><\/p>\n<table style=\"height: 158px; width: 100%; border-collapse: collapse; border-color: #ffffff;\">\n<tbody>\n<tr style=\"height: 28px;\">\n<td style=\"width: 50%; height: 28px; text-align: center;\"><strong>Siedziba&nbsp;<\/strong><\/td>\n<td style=\"width: 50%; height: 28px; text-align: center;\"><strong>Kontakt<\/strong><\/td>\n<\/tr>\n<tr style=\"height: 28px;\">\n<td style=\"width: 50%; height: 28px; text-align: left;\"><strong><b>Poradnia&nbsp;<\/b><b>Podstawowej Opieki Zdrowotnej&nbsp;<\/b><br \/>\n<\/strong>ul. Kr\u00f3tka 2\/B&nbsp; 55-050 Sob\u00f3tka&nbsp;<strong><br \/>\n<\/strong><\/td>\n<td style=\"width: 50%; height: 28px; text-align: left;\"><strong>Rejestracja:&nbsp;<\/strong> tel.&nbsp; 71 390 42 00 \/&nbsp; +48 880 174 914<br \/>\n<span style=\"color: #ff0000;\"><strong>Recepty zam\u00f3wienia:<\/strong><\/span><br \/>\n<span style=\"color: #ff0000;\">recepty.nzozsob@gmail.com<\/span><\/td>\n<\/tr>\n<tr style=\"height: 28px;\">\n<td style=\"width: 50%; height: 28px; text-align: center;\"><strong>Filia<\/strong><\/td>\n<td style=\"width: 50%; height: 28px; text-align: center;\"><strong>Kontakt<\/strong><\/td>\n<\/tr>\n<tr style=\"height: 111px;\">\n<td style=\"width: 50%; text-align: left; height: 74px;\"><strong><b>Poradnia&nbsp;<\/b><b>Podstawowej Opieki Zdrowotnej<br \/>\n<\/b><\/strong>ul. Pocztowa 4&nbsp; 55-065 Jordan\u00f3w \u015al\u0105ski<strong><b><br \/>\n<\/b><\/strong><strong><br \/>\n<\/strong><\/td>\n<td style=\"width: 50%; height: 74px; text-align: left;\"><strong>Rejestracja:<\/strong> tel. 71 316 16 60&nbsp; &nbsp;\/ +48 601 519 607&nbsp;<br \/>\n@&nbsp; &nbsp;przychodnia.jorda@onet.pl<br \/>\n<span style=\"color: #ff0000;\"><strong>Recepty zam\u00f3wienia:<\/strong><\/span><br \/>\n<span style=\"color: #ff0000;\">recepty.nzozjord@gmail.com<\/span><\/td>\n<\/tr>\n<\/tbody>\n<\/table>\n<p><strong>Recepty informacja dodatkowe<\/strong><br \/>\nZapraszamy do sk\u0142adania zam\u00f3wie\u0144 na recepty na leki za pomoc\u0105 poczty elektronicznej. W celu dopasowania miejsca odbioru recepty do Pa\u0144stwa oczekiwa\u0144 przygotowali\u015bmy trzy adresy poczty elektronicznej, co pozwoli odebra\u0107 zam\u00f3wion\u0105 recept\u0119 na leki w wybranej przez Pa\u0144stwa plac\u00f3wce.<\/p>\n<p><strong><br \/>\nKto mo\u017ce zamawia\u0107 elektroniczne recepty na leki?<\/strong><br \/>\n1. Osoby, kt\u00f3re z\u0142o\u017cy\u0142y deklaracje do lekarza rodzinnego w NZOZ Przychodnia Rodzinna Kajderowicz i Bili\u0144ski.<br \/>\n2. Osoby lecz\u0105ce si\u0119 na choroby przewlek\u0142e, kt\u00f3re na sta\u0142e przyjmuj\u0105 zamawiane leki.<\/p>\n<p><strong>Jakie leki wystawiane s\u0105 na receptach zamawianych drog\u0105 elektroniczn\u0105?<\/strong><br \/>\nNa zamawianej recepcie wystawiane s\u0105 stale stosowane leki, wynikaj\u0105ce z kartoteki leczenia pacjenta. Opr\u00f3cz zamawianych lek\u00f3w na recepcie znajd\u0105 si\u0119 tak\u017ce pozosta\u0142e, stale przyjmowane medykamenty.<\/p>\n<p><strong>W jakiej ilo\u015bci wystawiane s\u0105 na zamawianych receptach leki?<\/strong><br \/>\nLeki wypisane s\u0105 w ilo\u015bciach zabezpieczaj\u0105cy leczenie na okres 1, 2 lub 3 miesi\u0119cy.<\/p>\n<p><strong>Kiedy mo\u017cna odebra\u0107 zamawian\u0105 recept\u0119?<\/strong><br \/>\nRecepta b\u0119dzie gotowa do odbioru do 3 dni od daty z\u0142o\u017cenia zam\u00f3wienia. Z tego wzgl\u0119du prosz\u0119 odpowiednio wcze\u015bniej wys\u0142a\u0107 zam\u00f3wienie.<\/p>\n<p><strong>Kto mo\u017ce odebra\u0107 zam\u00f3wion\u0105 recept\u0119?<\/strong><br \/>\nRecepta mo\u017ce by\u0107 odebrana osobi\u015bcie przez Pacjenta lub upowa\u017cnion\u0105 do tego celu osob\u0119.<\/p>\n<p><strong>Gdzie odbieramy recepty?<\/strong><br \/>\nRecepty mo\u017cemy odebra\u0107 tylko w tej plac\u00f3wce, do kt\u00f3rej wys\u0142ali\u015bmy elektroniczne zam\u00f3wienie.<\/p>\n<p><strong>Zam\u00f3wienia na leki nale\u017cy wysy\u0142a\u0107 na odpowiedni adres plac\u00f3wki.&nbsp;<\/strong><\/p>\n<p>&nbsp;<\/p>\n<\/div><\/div>","protected":false},"excerpt":{"rendered":"<p>Kontakty do plac\u00f3wek&nbsp;&nbsp; Siedziba&nbsp; Kontakt Poradnia&nbsp;Podstawowej Opieki Zdrowotnej&nbsp; ul. Kr\u00f3tka 2\/B&nbsp; 55-050 Sob\u00f3tka&nbsp; Rejestracja:&nbsp; tel.&nbsp; 71 390 42 00 \/&nbsp; +48 880 174 914 Recepty zam\u00f3wienia: recepty.nzozsob@gmail.com Filia Kontakt Poradnia&nbsp;Podstawowej Opieki Zdrowotnej ul. Pocztowa 4&nbsp; 55-065 Jordan\u00f3w \u015al\u0105ski Rejestracja: tel. 71 316 16 60&nbsp; &nbsp;\/ +48 601 519 607&nbsp; @&nbsp; &nbsp;przychodnia.jorda@onet.pl Recepty zam\u00f3wienia: recepty.nzozjord@gmail.com Recepty<\/p>\n","protected":false},"author":1,"featured_media":0,"parent":0,"menu_order":0,"comment_status":"closed","ping_status":"closed","template":"","meta":{"ngg_post_thumbnail":0,"footnotes":""},"class_list":["post-216","page","type-page","status-publish","hentry"],"_links":{"self":[{"href":"http:\/\/przychodnia.sobotka.pl\/index.php?rest_route=\/wp\/v2\/pages\/216","targetHints":{"allow":["GET"]}}],"collection":[{"href":"http:\/\/przychodnia.sobotka.pl\/index.php?rest_route=\/wp\/v2\/pages"}],"about":[{"href":"http:\/\/przychodnia.sobotka.pl\/index.php?rest_route=\/wp\/v2\/types\/page"}],"author":[{"embeddable":true,"href":"http:\/\/przychodnia.sobotka.pl\/index.php?rest_route=\/wp\/v2\/users\/1"}],"replies":[{"embeddable":true,"href":"http:\/\/przychodnia.sobotka.pl\/index.php?rest_route=%2Fwp%2Fv2%2Fcomments&post=216"}],"version-history":[{"count":35,"href":"http:\/\/przychodnia.sobotka.pl\/index.php?rest_route=\/wp\/v2\/pages\/216\/revisions"}],"predecessor-version":[{"id":1897,"href":"http:\/\/przychodnia.sobotka.pl\/index.php?rest_route=\/wp\/v2\/pages\/216\/revisions\/1897"}],"wp:attachment":[{"href":"http:\/\/przychodnia.sobotka.pl\/index.php?rest_route=%2Fwp%2Fv2%2Fmedia&parent=216"}],"curies":[{"name":"wp","href":"https:\/\/api.w.org\/{rel}","templated":true}]}}