{"id":1411,"date":"2023-02-08T11:09:30","date_gmt":"2023-02-08T11:09:30","guid":{"rendered":"http:\/\/przychodnia.sobotka.pl\/?page_id=1411"},"modified":"2023-02-20T13:48:12","modified_gmt":"2023-02-20T13:48:12","slug":"dom-pomocy-spolecznej","status":"publish","type":"page","link":"http:\/\/przychodnia.sobotka.pl\/?page_id=1411","title":{"rendered":"Profilaktyka w DPS"},"content":{"rendered":"<div id=\"dslc-theme-content\"><div id=\"dslc-theme-content-inner\"><p>NZOZ Przychodnia Rodzinna Kajderowicz i Bili\u0144ski cyklicznie realizuje szkolenia profilaktyczne dla podopiecznych DPS obj\u0119tych opiek\u0105 medyczn\u0105. Personel medyczny cyklicznie organizuje spotkania z podopiecznymi w plac\u00f3wce DPS w Bo\u017cygniewie.<\/p>\n<\/div><\/div>","protected":false},"excerpt":{"rendered":"<p>NZOZ Przychodnia Rodzinna Kajderowicz i Bili\u0144ski cyklicznie realizuje szkolenia profilaktyczne dla podopiecznych DPS obj\u0119tych opiek\u0105 medyczn\u0105. Personel medyczny cyklicznie organizuje spotkania z podopiecznymi w plac\u00f3wce DPS w Bo\u017cygniewie.<\/p>\n","protected":false},"author":1,"featured_media":0,"parent":0,"menu_order":0,"comment_status":"closed","ping_status":"closed","template":"","meta":{"ngg_post_thumbnail":0,"footnotes":""},"class_list":["post-1411","page","type-page","status-publish","hentry"],"_links":{"self":[{"href":"http:\/\/przychodnia.sobotka.pl\/index.php?rest_route=\/wp\/v2\/pages\/1411","targetHints":{"allow":["GET"]}}],"collection":[{"href":"http:\/\/przychodnia.sobotka.pl\/index.php?rest_route=\/wp\/v2\/pages"}],"about":[{"href":"http:\/\/przychodnia.sobotka.pl\/index.php?rest_route=\/wp\/v2\/types\/page"}],"author":[{"embeddable":true,"href":"http:\/\/przychodnia.sobotka.pl\/index.php?rest_route=\/wp\/v2\/users\/1"}],"replies":[{"embeddable":true,"href":"http:\/\/przychodnia.sobotka.pl\/index.php?rest_route=%2Fwp%2Fv2%2Fcomments&post=1411"}],"version-history":[{"count":7,"href":"http:\/\/przychodnia.sobotka.pl\/index.php?rest_route=\/wp\/v2\/pages\/1411\/revisions"}],"predecessor-version":[{"id":1470,"href":"http:\/\/przychodnia.sobotka.pl\/index.php?rest_route=\/wp\/v2\/pages\/1411\/revisions\/1470"}],"wp:attachment":[{"href":"http:\/\/przychodnia.sobotka.pl\/index.php?rest_route=%2Fwp%2Fv2%2Fmedia&parent=1411"}],"curies":[{"name":"wp","href":"https:\/\/api.w.org\/{rel}","templated":true}]}}