{"id":128,"date":"2017-10-14T20:29:36","date_gmt":"2017-10-14T20:29:36","guid":{"rendered":"http:\/\/przychodnia.sobotka.pl\/?page_id=128"},"modified":"2024-07-22T09:18:35","modified_gmt":"2024-07-22T09:18:35","slug":"oferta-diagnostyczna","status":"publish","type":"page","link":"http:\/\/przychodnia.sobotka.pl\/?page_id=128","title":{"rendered":"OFERTA DIAGNOSTYCZNA"},"content":{"rendered":"<div id=\"dslc-theme-content\"><div id=\"dslc-theme-content-inner\"><div>\n<p><span style=\"font-size: 10pt;\"><strong><span style=\"color: #000080;\">Badania wykonywane w ramach naszej przychodni:&nbsp;<br \/>\n<a style=\"color: #000080;\" href=\"http:\/\/przychodnia.sobotka.pl\/?page_id=933\">Badania laboratoryjne <\/a><br \/>\n<\/span><\/strong><\/span><\/p>\n<table style=\"border-collapse: collapse; width: 100%;\">\n<tbody>\n<tr>\n<td style=\"width: 50%; text-align: left;\"><strong style=\"color: #000080;\"><span style=\"font-size: 10pt;\">Badanie s\u0142uchu&nbsp;&nbsp;audiometrem<\/span><\/strong><\/td>\n<td style=\"width: 50%;\"><span style=\"font-size: 10pt;\">Sob\u00f3tka ul. Kr\u00f3tka 2\/B&nbsp; rejestracja tel. 71 390 42 00<\/span><\/td>\n<\/tr>\n<tr>\n<td style=\"width: 50%; text-align: left;\"><span style=\"color: #000080;\"><strong><span style=\"font-family: Tahoma; font-size: 10pt;\">Spirometria<\/span><\/strong><\/span><\/td>\n<td style=\"width: 50%;\"><span style=\"font-size: 10pt;\">Sob\u00f3tka ul. Kr\u00f3tka 2\/B&nbsp; rejestracja tel. 71 390 42 00<\/span><\/td>\n<\/tr>\n<tr>\n<td style=\"width: 50%; text-align: left;\"><span style=\"color: #000080;\"><strong><span style=\"font-family: Tahoma; font-size: 10pt;\">EKG-elektrokardiogram<\/span><\/strong><\/span><\/td>\n<td style=\"width: 50%;\"><span style=\"font-size: 10pt;\">Sob\u00f3tka ul. Kr\u00f3tka 2\/B&nbsp; rejestracja tel. 71 390 42 00<\/span><\/td>\n<\/tr>\n<tr>\n<td style=\"width: 50%; text-align: left;\"><span style=\"color: #000080;\"><strong><span style=\"font-size: 10pt;\">Perymetria - badanie pola widzenia<\/span><\/strong><\/span><\/td>\n<td style=\"width: 50%;\"><span style=\"font-size: 10pt;\">Sob\u00f3tka ul. Kr\u00f3tka 2\/B&nbsp; rejestracja tel. 71 390 42 00<\/span><\/td>\n<\/tr>\n<tr>\n<td style=\"width: 50%; text-align: left;\"><span style=\"color: #000080;\"><strong><span style=\"font-size: 10pt;\"><span style=\"font-family: Tahoma;\">Pulsoksymetria- pomiar saturacji<\/span><\/span><\/strong><\/span><\/td>\n<td style=\"width: 50%;\"><span style=\"font-size: 10pt;\">Sob\u00f3tka ul. Kr\u00f3tka 2\/B&nbsp; rejestracja tel. 71 390 42 00<\/span><\/td>\n<\/tr>\n<tr>\n<td style=\"width: 50%; text-align: left;\"><span style=\"color: #000080;\"><strong><span style=\"font-size: 10pt;\"><span style=\"font-family: Tahoma;\">HOLTER EKG<\/span><\/span><\/strong><\/span><\/td>\n<td style=\"width: 50%;\"><span style=\"font-size: 10pt;\">Sob\u00f3tka ul. Kr\u00f3tka 2\/B&nbsp; rejestracja tel. 71 390 42 00<\/span><\/td>\n<\/tr>\n<tr>\n<td style=\"width: 50%; text-align: left;\"><span style=\"color: #000080;\"><strong><span style=\"font-size: 10pt;\"><span style=\"font-family: Tahoma;\">HOLTER RR<\/span><\/span><\/strong><\/span><\/td>\n<td style=\"width: 50%;\"><span style=\"font-size: 10pt;\">Sob\u00f3tka ul. Kr\u00f3tka 2\/B&nbsp; rejestracja tel. 71 390 42 00<\/span><\/td>\n<\/tr>\n<tr>\n<td style=\"width: 50%; text-align: left;\"><span style=\"color: #000080;\"><strong><span style=\"font-size: 10pt;\"><span style=\"font-family: Tahoma;\">PR\u00d3BA WYSI\u0141KOWA&nbsp;<\/span><\/span><\/strong><\/span><\/td>\n<td style=\"width: 50%;\"><span style=\"font-size: 10pt;\">Sob\u00f3tka ul. Kr\u00f3tka 2\/B&nbsp; rejestracja tel. 71 390 42 00<\/span><\/td>\n<\/tr>\n<tr>\n<td style=\"width: 50%; text-align: left;\"><span style=\"font-size: 10pt; color: #000080;\"><span style=\"font-family: Tahoma;\"><span style=\"color: #000080;\"><span style=\"font-size: 10pt;\"><strong>RTG z\u0119b\u00f3w<\/strong><\/span><\/span><\/span><\/span><\/td>\n<td style=\"width: 50%;\"><span style=\"font-size: 10pt;\">Sob\u00f3tka ul. Kr\u00f3tka 2\/B&nbsp; rejestracja tel. 668 360 977<\/span><\/td>\n<\/tr>\n<\/tbody>\n<\/table>\n<\/div>\n<div>\n<p>&nbsp;<\/p>\n<\/div>\n<\/div><\/div>","protected":false},"excerpt":{"rendered":"<p>Badania wykonywane w ramach naszej przychodni:&nbsp; Badania laboratoryjne Badanie s\u0142uchu&nbsp;&nbsp;audiometrem Sob\u00f3tka ul. Kr\u00f3tka 2\/B&nbsp; rejestracja tel. 71 390 42 00 Spirometria Sob\u00f3tka ul. Kr\u00f3tka 2\/B&nbsp; rejestracja tel. 71 390 42 00 EKG-elektrokardiogram Sob\u00f3tka ul. Kr\u00f3tka 2\/B&nbsp; rejestracja tel. 71 390 42 00 Perymetria - badanie pola widzenia Sob\u00f3tka ul. Kr\u00f3tka 2\/B&nbsp; rejestracja tel. 71 390<\/p>\n","protected":false},"author":1,"featured_media":0,"parent":0,"menu_order":0,"comment_status":"closed","ping_status":"closed","template":"","meta":{"ngg_post_thumbnail":0,"footnotes":""},"class_list":["post-128","page","type-page","status-publish","hentry"],"_links":{"self":[{"href":"http:\/\/przychodnia.sobotka.pl\/index.php?rest_route=\/wp\/v2\/pages\/128","targetHints":{"allow":["GET"]}}],"collection":[{"href":"http:\/\/przychodnia.sobotka.pl\/index.php?rest_route=\/wp\/v2\/pages"}],"about":[{"href":"http:\/\/przychodnia.sobotka.pl\/index.php?rest_route=\/wp\/v2\/types\/page"}],"author":[{"embeddable":true,"href":"http:\/\/przychodnia.sobotka.pl\/index.php?rest_route=\/wp\/v2\/users\/1"}],"replies":[{"embeddable":true,"href":"http:\/\/przychodnia.sobotka.pl\/index.php?rest_route=%2Fwp%2Fv2%2Fcomments&post=128"}],"version-history":[{"count":26,"href":"http:\/\/przychodnia.sobotka.pl\/index.php?rest_route=\/wp\/v2\/pages\/128\/revisions"}],"predecessor-version":[{"id":1838,"href":"http:\/\/przychodnia.sobotka.pl\/index.php?rest_route=\/wp\/v2\/pages\/128\/revisions\/1838"}],"wp:attachment":[{"href":"http:\/\/przychodnia.sobotka.pl\/index.php?rest_route=%2Fwp%2Fv2%2Fmedia&parent=128"}],"curies":[{"name":"wp","href":"https:\/\/api.w.org\/{rel}","templated":true}]}}